) prime?
True
Let o(s) = 4*s + 35. Let z be o(-8). Suppose -k - 3*p - 41335 = -2*k, -z*p - 165385 = -4*k. Is ((-2)/3)/(k/(-10335) + 4) a composite number?
True
Let t be (-13 - 64/(-8)) + 10 + 2. Suppose 0 = -t*y - 7*y + 300034. Is y a prime number?
False
Is (338/78*(-6)/10)/(1/(-2785)) a composite number?
True
Suppose -4*r + r + 20430 = 0. Let z = -2761 + 2763. Suppose 5*c - 17055 = -4*u, -2*u + r = 2*c + z*u. Is c a prime number?
False
Suppose 6*x - a - 187159 - 180827 = 0, x = -5*a + 61331. Is x prime?
True
Let l(w) = 32*w + 16. Let f be l(5). Suppose -6349 = -177*y + f*y. Is y prime?
False
Let m = 11154 + 2657. Is m composite?
True
Let j = -25544 + 62275. Is j prime?
False
Let s(n) = 83*n**2 - 4*n - 19. Let p(b) = -3*b - 67. Let q be p(-25). Is s(q) a prime number?
True
Is ((-532709)/(-4))/((-3)/(-24))*(-32)/(-64) composite?
False
Suppose -107*p = -133*p + 5638802. Is p a composite number?
False
Let w = -3001 + 6505. Suppose 4*s + w = -0*j + 2*j, 4*j - 7048 = -2*s. Is 4 + -6 + -1 - j/(-2) composite?
False
Suppose a + 8*x - 31441 = 5*x, -31437 = -a - x. Is a a prime number?
False
Suppose -1347*a + 633924 = -1311*a. Is a composite?
False
Let n(d) = 2808*d - 6419. Is n(142) a composite number?
True
Let z(u) = -u**2 + 14*u + 36. Let j be z(16). Suppose 5*k - i - 4345 = 4*i, -j*k - 4*i + 3516 = 0. Let p = 1293 - k. Is p a prime number?
True
Suppose 4*o - 3*r = -2 + 16, 3*o - 3*r - 12 = 0. Is 3974 + (o/6 - 44/33) a composite number?
True
Let b(g) = -127*g + 65. Let j(v) = -16*v + 8. Let x(t) = 6*b(t) - 51*j(t). Let n be x(4). Let y = n - -95. Is y a composite number?
False
Suppose 5*b = 4*y + 275562 + 68751, -3*b - 5*y = -206573. Is b prime?
False
Let v = -5099 + -1158. Let g = v - -12794. Is g prime?
False
Let d(x) = 7*x - 13. Let v be d(4). Let l be (-50)/v*(-6)/4. Is 0 + 3624/40 + 2/l a prime number?
False
Is (-44494941)/(-285) - (-8)/(-5) prime?
False
Let o(t) = 188*t**3 - t**2 + t - 1. Let f(k) = -1 + 5 + 14 + k**2 - 3 - 15*k. Let u be f(14). Is o(u) a composite number?
True
Suppose 23*i - 770010 = 16*i - 23*i. Is i prime?
True
Let n(j) = j - 10. Let q be n(15). Suppose -9*x - q = -10*x. Suppose -74 = x*k - 489. Is k composite?
False
Suppose -12*d + 10*d = j - 225023, -5*j + 1125135 = 5*d. Is 36/54 - j/(-3) composite?
False
Let l = 33 - 27. Suppose 0 = -4*m, -l - 9 = -3*g + m. Suppose g*w - 1221 = 274. Is w prime?
False
Is (12906130/(-285))/((-10)/15) composite?
False
Let z be -3*(-2 - (-658)/(-6)). Let p = 45 - 177. Let q = p + z. Is q a composite number?
True
Let t(v) = v**3 + 51*v**2 - 89*v - 95. Is t(-46) prime?
False
Suppose -56 = 5*n + 4*w, -3*w + 6*w + 45 = -4*n. Let q = n - 0. Is (-2438)/q + (-6)/36 a prime number?
False
Let a = 74004 - 17021. Is a composite?
False
Suppose -5*x - 6*x - 44 = 0. Let f(p) = -59*p**3 + 2*p**2 - 2*p + 5. Is f(x) a prime number?
True
Let b(i) = -i**3 - 6*i**2 + 10*i + 24. Let y be b(-7). Suppose y*t + 4956 = -4*k, 0 = -5*k - t + 2*t - 6176. Let n = k + 2113. Is n a composite number?
False
Let n be (6 - 3)*(4/(-2))/2. Let w be 2/6*(12*n)/(-3). Suppose 12 = -4*u, -1114 = -2*d - w*u - 0*u. Is d prime?
True
Let m(i) = -8352*i - 6463. Is m(-17) a composite number?
True
Suppose -5*g - 266 + 1649 = -4*b, g - 267 = -4*b. Let j = -178 + g. Is j prime?
True
Let p be ((-35)/5 - -1)/((-6)/10). Is (-35)/p*(-41816)/28 a prime number?
True
Suppose 17*k - 12*k = -2*b - 10, 3*b = 4*k - 15. Suppose -5*r = -3*t - 2994, -r - t + 602 = -0*t. Suppose -2*f = 4*l - r, l - 2*f - 166 + 21 = k. Is l prime?
True
Let w be 3 + (4444/55)/((-4)/70). Is (w - 1)/(3*22/(-33)) a prime number?
False
Let j(v) = -8741*v**3 - 5*v**2 - 20*v - 19. Is j(-2) a composite number?
False
Suppose 3*v + 37176 = 4*y + 5*v, -y + 9294 = 5*v. Let b = y + -833. Is b a composite number?
False
Suppose -4*y = 2*v - 10, 3*v - 5 - 10 = y. Suppose -v*k = -4*k - 5*d - 12982, 0 = -k + 3*d + 12982. Is k composite?
True
Suppose 36 = 2*s - 44. Let p be ((-3)/15)/((-4)/s). Suppose b + 5*c - 548 = 0, -p*b - b + 1655 = 4*c. Is b a composite number?
True
Let n = -759843 + 1224986. Is n a prime number?
False
Suppose -24*l + 25399451 = 53*l. Is l a prime number?
True
Let t(k) = 3144*k**2 + 549*k + 5. Is t(20) a prime number?
False
Is ((-1806872)/(-12))/(2/3)*1 prime?
True
Is (42/4)/7*(-3)/(9/(-759754)) a composite number?
False
Suppose -4*s = -5*v - 524903, 2*s = 4*s + 3*v - 262457. Is s composite?
True
Suppose 0 = -2*i - 613 + 1617. Let r = 2300 + i. Is r/(-2)*(-2)/6 a composite number?
False
Let y = 268181 + -77202. Is y a composite number?
False
Let b(w) = -98292*w**3 + 6*w**2 - 42*w - 95. Is b(-2) prime?
True
Let l = -141 + 148. Suppose 0 = -4*s + 3*t - l*t + 64608, s - 2*t = 16155. Is s composite?
True
Suppose -4*d = -12, -2*k + 42*d = 46*d - 274690. Is k a prime number?
True
Let x(p) be the first derivative of p**3/3 - 4*p**2 - 16*p - 4. Let u be x(10). Is u - (1 + 3) - (0 + -223) prime?
True
Let v(i) = 54*i**3 - 2*i**2 - 53*i + 280. Is v(9) a prime number?
False
Let h = 86 + -51. Let s be 1141/5 - (4 + 3)/h. Suppose 0 = -p + 67 + s. Is p a prime number?
False
Is (471*(-6)/45)/(((-8)/(-1055))/(-4)) composite?
True
Is (-12126 - -1 - (-78 - -87))*13/(-2) a prime number?
False
Let h(s) = 128*s + 43. Let d be 8/36 + (-1364)/(-99). Is h(d) composite?
True
Let p = -3598 - -11851. Suppose -8*x + 72901 = p. Is x a composite number?
False
Is (3 - 201010/(-70))/((-1)/(-35)*5) prime?
False
Let s(z) = 269*z + 241687. Is s(0) prime?
True
Let q be (4008 - -2)/2*324/180. Suppose -3*u + i + q = 5*i, -i = 0. Is u a composite number?
True
Let i(f) = -15*f**3 - 29*f**2 - 36*f + 27. Is i(-17) prime?
False
Let k(q) = -595*q**2 - 2*q - 31. Let p(s) = -298*s**2 - 2*s - 15. Let g(t) = 2*k(t) - 5*p(t). Is g(-2) prime?
True
Suppose -3*u - 16*u + 45334 = 0. Suppose -u = -t + 427. Is t a composite number?
True
Let v be -3*1/((-6)/8). Is 20/(v + 1) - 7 - -10346 prime?
True
Let z(i) = -i**3 + 8*i**2 - 10*i + 18. Let k be z(7). Is k + 5752*(5 - 4) a composite number?
False
Suppose -8 = 9*b - 13*b. Is 19839 - ((-1)/b - 9/6) composite?
False
Suppose -654812 = -2*x + 2*k, -324210 - 330577 = -2*x - 3*k. Is x a prime number?
True
Suppose -1478 = -10*i - 338. Suppose i*y = 109*y + 16815. Suppose -4*u = 4*c + 91 - y, 4*u - 3290 = 2*c. Is u prime?
True
Suppose 8*l - 515 - 325 = 0. Suppose 108*x - l*x - 76863 = 0. Is x a composite number?
False
Let a(v) = 209*v**3 - 36*v**2 - 23*v + 11. Is a(9) a prime number?
True
Let r = 36 - 22. Suppose 16*q - 10 = r*q. Let k(n) = 72*n + 19. Is k(q) a composite number?
False
Let r(p) = 8*p**2 + 8*p - 2. Let a be 168/90 - (-4)/30. Let q = a + 5. Is r(q) composite?
True
Let s(i) = i**3 - 12*i**2 + 32*i + 5. Let w be s(8). Suppose -4224 = -w*h + 4031. Is h composite?
True
Let c(x) = 205*x**3 - 2*x**2 + 3*x + 5. Let s(i) = -206*i**3 + 2*i**2 - 2*i - 5. Let y(h) = -6*c(h) - 7*s(h). Is y(2) a composite number?
True
Let u be 5352 + 6/(-6)*1. Let n = -657 + u. Is n a prime number?
False
Let k be 2 - (-90)/(6 + -3). Suppose k*i + 16888 = 40*i. Is i composite?
False
Let d = -16 - 99. Let q = d - -133. Is -1*3*((-2046)/q + 8) composite?
False
Suppose -3 = -2*h + 3. Suppose 5*l + 1987 = -4*i - 7451, -3*l = -h*i - 7092. Let d = i + 4511. Is d a composite number?
True
Let l(s) = 2*s + 25. Let u(k) = k. Let y(z) = -l(z) - 5*u(z). Let w be y(-4). Suppose -w*m = 2*m + 4*i - 3687, 2225 = 3*m - 4*i. Is m a composite number?
False
Let r be (6/54*-3)/((-4)/144). Let v(s) = 2*s**3 - 16*s**2 + 23*s - 67. Is v(r) a composite number?
False
Let p(s) = 4*s + 101*s**2 + 47*s**2 - 24*s**2 - 157. Is p(9) prime?
True
Suppose -2*d = -3*d - 4*x + 4646, 4*d - 18638 = 2*x. Suppose 2*v = -3*y + y + d, 3*y - 11655 = -5*v. Let u = 1301 + v. Is u composite?
True
Let r(j) = -532*j + 85. Let b(t) = -1065*t + 172. Let p(x) = -2*b(x) + 5*r(x). Is p(-6) prime?
False
Is 604/6*81978/52 + (-12)/(-2) a composite number?
True
Suppose -5*t = -4*l + 680544, 3*l - 4*t + 275070 - 785477 = 0. Is l prime?
True
Suppose -90*d + 94*d = 33808. Let o = d + 3471. Is o composite?
False
Is (-1 + -2)*((-2789689)/3)/7 composite?
True
Let g(t) = 153843*t**2 - 27*t + 1. Is g(1) a composite number?
False
Suppose -37 = -3*f + 5*m - 5, f - 3*m = 12. Suppose -f*q = -71237 - 33136. Is q a composite number?
False
Is 23153/65*5 + -2 + -2 a p